re the prime factors of a?
3, 5, 7
Suppose 18262 = 18*p + 5*p. What are the prime factors of p?
2, 397
Let w = 38 - 13. Let h = 24 - 36. Let j = h + w. List the prime factors of j.
13
Suppose 10710 = 15*z - 0*z. What are the prime factors of z?
2, 3, 7, 17
Suppose 6 + 48 = 9*z. Suppose -161 + 491 = z*n. List the prime factors of n.
5, 11
Let s be 111*(-1 + 2)/(-1). Let d = s - -164. What are the prime factors of d?
53
Suppose 3*j - 30 - 6357 = 0. What are the prime factors of j?
2129
Suppose -5*j - 65 = 65. Let l = j + 25. List the prime factors of (-642)/(-12) - l/(-2).
53
Suppose -16 = f - 5*f. Let w be (f - (1 - 3)) + 1. Suppose b - 4*k - w = 0, 5*k = 2*b - 5*b + 38. What are the prime factors of b?
11
Let v be (2/2)/(19/475). Let x = 193 - v. List the prime factors of x.
2, 3, 7
Let w(g) = 8*g - 3. Let s = -1 - -4. Let h be w(s). What are the prime factors of (h/(-14))/(6/(-40))?
2, 5
Let m = -152 + 157. Suppose -429 = -m*a + 286. List the prime factors of a.
11, 13
List the prime factors of (6 - 8) + -1 - -1413 - 5.
5, 281
Suppose 4 - 24 = -5*v. Suppose 0 = v*k - 294 + 94. List the prime factors of k.
2, 5
Let n(a) = -5 - 6 - 31*a - a**2 + 19*a - 3. List the prime factors of n(-10).
2, 3
Suppose 16*h - 6*h - 8280 = 0. What are the prime factors of h?
2, 3, 23
Suppose -53 = 3*l - 11. Let m = l + 15. List the prime factors of 10 + -11 - (-32 + m).
2, 3, 5
What are the prime factors of ((-300)/24 + 13)/(2/1776)?
2, 3, 37
Suppose 186*q = 190*q - 12, -3*f + 4278 = -q. What are the prime factors of f?
1427
Let a(n) = -n - 28. Let g be a(-24). What are the prime factors of -1 - (-5)/4 - 1323/g?
331
Suppose 4*n = -14*n + 11196. What are the prime factors of n?
2, 311
Let n = -29 + 32. Suppose 37 = 2*z + 4*f - n, 8 = 4*f. List the prime factors of z.
2
Let j = 10 + 3. Suppose -o - j = -2*o + 3*r, 6 = -3*r. List the prime factors of (9 - 3)/2*o.
3, 7
Let j(v) = 5*v + 3. Let b be j(13). Let m = b - 48. Let o = -11 + m. What are the prime factors of o?
3
Let i be (0 + -1)/(-1) - -11. Suppose i = -6*c + 8*c. List the prime factors of ((-22)/c)/(2/(-12)).
2, 11
Suppose -3*q = -2*q. Let x(b) be the first derivative of b**4/4 + b**3/3 + 60*b + 14. What are the prime factors of x(q)?
2, 3, 5
Let l be (10/30)/((-2)/(-150)). Suppose 7*i = 2*i + l. Let w = 23 - i. What are the prime factors of w?
2, 3
Suppose 3*u - 14*v + 15*v = 2006, 2*v + 2688 = 4*u. What are the prime factors of u?
2, 5, 67
Let h(p) = p - 23. Let j be h(-10). What are the prime factors of 26*(-1)/6*j?
11, 13
Suppose -5*x + 4*l + 246 = 0, 2*x - 4*l = 4*x - 104. Suppose -7 = -b + x. What are the prime factors of b?
3, 19
Let v(s) = -s**3 - 6*s**2 + 13*s - 19. Let f be v(-8). Suppose -5*g = -5*k - 125, -f*k - 73 = -0*g - 3*g. List the prime factors of g.
2, 13
Suppose 5 + 1 = 2*f. Suppose -6*a + 117 = -f*a. List the prime factors of a.
3, 13
Suppose -9*o + 1252 + 566 = 0. List the prime factors of o.
2, 101
Suppose -36*h = -32*h. Suppose h = 8*l - 2*l - 222. List the prime factors of l.
37
Let b(u) = u**2 + 2*u + 4. Suppose -2*v = 3*v + 35. What are the prime factors of b(v)?
3, 13
What are the prime factors of 0 + 397 + 1 - -6?
2, 101
Let v(c) = c**2 - 54*c - 126. What are the prime factors of v(-27)?
3, 229
Let j = -5 + 3. Let u(a) = 2. Let p(f) = 10*f**2 + f + 4. Let m(b) = p(b) - u(b). List the prime factors of m(j).
2, 5
Suppose 0 = -4*j + 5*q - 139, j - 3 + 49 = 5*q. Let s = 19 - -36. Let y = s + j. List the prime factors of y.
2, 3
Suppose -4*s = -0*s - 84. Let p = s - 41. Let y = p - -34. List the prime factors of y.
2, 7
Suppose 0 = 2*r - 3*q - 267, 2*q - 261 = -2*r + 3*q. Let b = 184 - r. What are the prime factors of b?
5, 11
List the prime factors of (3846/9)/(20/30).
641
Suppose -4*i - 21 = -4*y - 9, -4*i = 4*y - 12. Suppose -n + 4*a = -57, -5*n = -y*a + 3 - 339. What are the prime factors of n?
3, 23
Let s = -51 + 33. Let t = -1 - s. List the prime factors of t.
17
Let i(b) = 33*b - 28*b + 5 + 0*b**3 - 3*b**2 - b**3. Let f be 0/(-2) + (-5 - (-6 - -6)). What are the prime factors of i(f)?
2, 3, 5
Let p(f) = -73*f + 224. List the prime factors of p(-35).
7, 397
Suppose 5*v + 139 + 55 = b, 0 = b + 4*v - 203. List the prime factors of b.
199
Suppose -1 = -i + 16. Suppose h - 100 + i = 0. List the prime factors of h.
83
Suppose -4*p = 4*t + 8, 2*t = -11*p + 8*p - 1. List the prime factors of 125 - 0*p/9.
5
Suppose 3*y + 400 = 5*q + y, -2*q - y + 160 = 0. Let j be (-16)/40*q/2. Let h = j + 29. List the prime factors of h.
13
Let y = -51 + 1577. What are the prime factors of y?
2, 7, 109
Suppose 4 + 2 = 4*k - 2*i, 18 = 2*k + 2*i. Suppose -2*q - 25 = -3*v, 4*v - 45 = 2*q + 3*q. Suppose k*s - v - 15 = 0. What are the prime factors of s?
5
Suppose 0 = -3*j - 2*j + 50. Let k(m) = m**3 + 20*m**2 + 48*m + 47. Let z be k(-17). List the prime factors of (z/(-4))/(j/(-20)).
7
List the prime factors of 2/((((-44)/1288)/11)/(-1)).
2, 7, 23
Let g be 3 - 3/6*-2. Suppose -l - 8 = -g*f, 1 = l - 0*f - f. Suppose -12 = 2*w - l*w. What are the prime factors of w?
2, 3
Suppose 70*f - 85*f = -4710. List the prime factors of f.
2, 157
Suppose t + 3278 = 2*r + 3*t, -3*r + 3*t + 4899 = 0. What are the prime factors of r?
2, 409
Let o = 17 + -5. List the prime factors of 4/o - 69/(-9).
2
Let c be (8 - 2)*1/2. Let r(z) = z**c - 3*z - 6*z**2 + 3 - 6*z**2 + 15*z - 2. What are the prime factors of r(11)?
2, 3
What are the prime factors of (-10256)/(-20) - 28/35?
2
Suppose -2*u + 6*t - 7*t + 1875 = 0, 4660 = 5*u - 3*t. What are the prime factors of u?
5, 11, 17
Let f(p) = p**2 - 11*p - 8. Let l be f(12). Suppose 4*z = -0*z - l. What are the prime factors of (0 + z)/(7/(-315))?
3, 5
Let r(d) = d**3 - 10*d**2 - 20*d - 86. What are the prime factors of r(17)?
1597
Let i be 2*(-246)/(-2)*1/(-2). Let o = -15 - i. What are the prime factors of o?
2, 3
Let t = -419 - -935. What are the prime factors of t?
2, 3, 43
Suppose k - 10*y = -7*y + 69, -4*k = 5*y - 225. What are the prime factors of k?
2, 3, 5
Suppose -771 - 3225 = -4*v. List the prime factors of v.
3, 37
Let q(g) be the second derivative of -29*g**3/3 + 11*g**2/2 + 12*g. List the prime factors of q(-3).
5, 37
Let x(j) = -j + 1. Let z be x(-5). Let t = z - -36. What are the prime factors of t?
2, 3, 7
Let p(h) = 7*h**2 + 29*h - 118. What are the prime factors of p(-15)?
2, 7, 73
Let m(s) = 2*s + 13. Let r be m(-5). Suppose -3*k - k = 3*c - 176, 0 = r*k + c - 137. List the prime factors of k.
47
Let u be 132/(-8)*-4 - -3. Let y = 26 + u. List the prime factors of y.
5, 19
Let c(l) = 3*l + 128. List the prime factors of c(9).
5, 31
Suppose 1807 = -4*f - 9*f. Let o = f - -255. List the prime factors of o.
2, 29
Let j be (1 - 2) + 4 - 0. Let u = 28 + j. Let c = u + 11. What are the prime factors of c?
2, 3, 7
What are the prime factors of 4*(-36)/16 + 2163?
2, 3, 359
Let j(c) = 2*c**3 + 6*c**2 + 4*c + 3. Let i be j(-2). Suppose -3*b + 106 = 4*w, -i*w + 0*w - 4*b + 76 = 0. What are the prime factors of w?
2, 7
What are the prime factors of (-240)/36*(-318)/4?
2, 5, 53
Let b be 32976/76 - (-8)/76. Suppose 1249 + b = 17*i. List the prime factors of i.
3, 11
Let x = -13 + 16. What are the prime factors of (59 - (2 - -2)) + x?
2, 29
Let m(q) = q**3 - 5*q**2 - 5*q - 8. Let h be m(6). List the prime factors of h*((-153)/2)/9.
17
Let y(t) = t + 8. Let h be y(-7). What are the prime factors of 6/(-2)*(-77 - (h + -7))?
3, 71
Suppose 4*a = 3*q + 121, 0*a + q + 63 = 2*a. Let x be 0 + (180/(-1))/(-6). Suppose -a*u = -x*u - 44. What are the prime factors of u?
11
Suppose 0*k - 1 = -k. What are the prime factors of (4/(-14))/(k/(-7))?
2
Suppose l - 21*l + 23520 = 0. List the prime factors of l.
2, 3, 7
Suppose g - 4*u = 221 + 238, 0 = 3*g + 2*u - 1321. What are the prime factors of g?
443
Let j = 148 - 259. Let s = j - -289. What are the prime factors of s?
2, 89
Let d be 22/(-6)*195/(-13). Let c = -25 + d. List the prime factors of c.
2, 3, 5
Suppose 3029 = 8*b - 1499. List the prime factors of b.
2, 283
What are the prime factors of (-269)/(42/24 - 2)?
2, 269
Let h be -1 - 0 - 1 - -4. Suppose 0 = h*t - 6*t + 176. What are the prime factors of t?
2, 11
What are the prime factors of (13/13)/(1/1136)?
2, 71
Let j(u) = -20*u + 141*u**2 + u**3 + 3 + 2 - 144*u**2. What are the pr